nder when 11499591 is divided by 227.
225
What is the remainder when 158761 is divided by 157762?
999
Calculate the remainder when 223239 is divided by 223171.
68
Calculate the remainder when 545128 is divided by 272431.
266
Calculate the remainder when 264802 is divided by 6472.
5922
What is the remainder when 64204 is divided by 20181?
3661
Calculate the remainder when 66047 is divided by 32579.
889
Calculate the remainder when 3325142 is divided by 1662569.
4
What is the remainder when 35375 is divided by 3863?
608
Calculate the remainder when 2836843 is divided by 166871.
36
Calculate the remainder when 23919732 is divided by 204442.
18
What is the remainder when 377261 is divided by 596?
589
Calculate the remainder when 50847 is divided by 7411.
6381
What is the remainder when 489321 is divided by 514?
507
Calculate the remainder when 4302685 is divided by 10343.
10340
What is the remainder when 145221 is divided by 50?
21
Calculate the remainder when 79828 is divided by 614.
8
Calculate the remainder when 233713344 is divided by 23.
17
Calculate the remainder when 1286560 is divided by 29234.
264
What is the remainder when 174275 is divided by 174257?
18
Calculate the remainder when 71835 is divided by 2175.
60
Calculate the remainder when 403811 is divided by 128.
99
Calculate the remainder when 407679126 is divided by 8613.
8610
Calculate the remainder when 200725769 is divided by 972.
965
What is the remainder when 14012703 is divided by 368?
367
What is the remainder when 115609799 is divided by 129?
128
What is the remainder when 2700996 is divided by 5012?
4540
Calculate the remainder when 1698201 is divided by 12217.
38
Calculate the remainder when 8359533 is divided by 1988.
1981
Calculate the remainder when 16135107 is divided by 212304.
3
Calculate the remainder when 3954208 is divided by 1163.
8
What is the remainder when 2889987 is divided by 1699?
1687
Calculate the remainder when 156746 is divided by 15669.
56
What is the remainder when 12590464 is divided by 67?
25
Calculate the remainder when 50067653 is divided by 273.
272
What is the remainder when 193503 is divided by 472?
455
Calculate the remainder when 2852299 is divided by 22459.
6
Calculate the remainder when 19732050 is divided by 109.
107
Calculate the remainder when 9813877 is divided by 1480.
1477
What is the remainder when 3800368 is divided by 2063?
322
What is the remainder when 13741525 is divided by 10744?
10693
Calculate the remainder when 34726741 is divided by 463023.
16
What is the remainder when 4076119 is divided by 466?
17
What is the remainder when 849247 is divided by 24861?
3973
Calculate the remainder when 42892080 is divided by 22155.
0
Calculate the remainder when 130066 is divided by 2733.
1615
Calculate the remainder when 451843 is divided by 225908.
27
Calculate the remainder when 5948456 is divided by 18.
14
Calculate the remainder when 25323 is divided by 3361.
1796
What is the remainder when 53561 is divided by 77?
46
Calculate the remainder when 28641 is divided by 5202.
2631
What is the remainder when 8102335 is divided by 104?
7
What is the remainder when 155720749 is divided by 38930186?
5
Calculate the remainder when 3292091 is divided by 2552.
11
What is the remainder when 61156419 is divided by 1069?
1067
What is the remainder when 66157 is divided by 2103?
964
What is the remainder when 1775040 is divided by 98607?
114
What is the remainder when 648633 is divided by 1015?
48
What is the remainder when 296024 is divided by 1230?
824
Calculate the remainder when 33774963 is divided by 229.
211
What is the remainder when 4872955 is divided by 79884?
31
What is the remainder when 310730 is divided by 150?
80
What is the remainder when 4010714 is divided by 653?
641
What is the remainder when 7431273 is divided by 20?
13
What is the remainder when 132249 is divided by 4558?
67
Calculate the remainder when 196152 is divided by 205.
172
What is the remainder when 1693766 is divided by 195?
191
Calculate the remainder when 4291030 is divided by 104.
94
What is the remainder when 5477228 is divided by 55?
53
Calculate the remainder when 78144039 is divided by 1868.
1863
What is the remainder when 2945281 is divided by 3790?
451
Calculate the remainder when 256518 is divided by 3406.
1068
Calculate the remainder when 882941 is divided by 440882.
1177
What is the remainder when 115076 is divided by 28758?
44
Calculate the remainder when 1689832 is divided by 222.
190
What is the remainder when 6938387 is divided by 358?
347
What is the remainder when 6812636 is divided by 6595?
1
Calculate the remainder when 2265309 is divided by 88.
13
What is the remainder when 6076125 is divided by 167?
164
What is the remainder when 5183627 is divided by 410?
407
Calculate the remainder when 6708 is divided by 891.
471
What is the remainder when 5281565 is divided by 1861?
47
What is the remainder when 32084 is divided by 3481?
755
Calculate the remainder when 221513590 is divided by 263.
262
What is the remainder when 263025 is divided by 43831?
39
Calculate the remainder when 76811 is divided by 4811.
4646
Calculate the remainder when 560013 is divided by 2932.
1
Calculate the remainder when 49974550 is divided by 9055.
5
What is the remainder when 342804 is divided by 1445?
339
Calculate the remainder when 7673013 is divided by 15346.
13
Calculate the remainder when 1812763 is divided by 2453.
2449
What is the remainder when 47403 is divided by 11526?
1299
What is the remainder when 6664385 is divided by 605851?
24
Calculate the remainder when 1024310 is divided by 32.
22
What is the remainder when 399808 is divided by 24?
16
Calculate the remainder when 12286935 is divided by 299680.
55
What is the remainder when 4445014 is divided by 2222498?
18
What is the remainder when 12469117 is divided by 16?
13
Calculate the remainder when 163792 is divided by 510.
82
What is the remainder when 128456337 is divided by 380?
377
What is the remainder when 304299 is divided by 82?
79
What is the remainder when 403573446 is divided by 12074?
12070
Calculate the remainder when 120470 is divided by 119210.
1260
Calculate the remainder when 110156250 is divided by 1623.
1617
What is the remainder when 442351 is divided by 147447?
10
What is the remainder when 20144335 is divided by 36?
31
Calculate the remainder when 438471 is divided by 389.
68
Calculate the remainder when 2160216 is divided by 58.
6
What is the remainder when 204972 is divided by 1102?
0
Calculate the remainder when 10036877 is divided by 951.
23
Calculate the remainder when 3855002 is divided by 110142.
32
Calculate the remainder when 4258437 is divided by 21.
15
What is the remainder when 716906 is divided by 715682?
1224
What is the remainder when 173761883 is divided by 43440469?
7
What is the remainder when 16046997 is divided by 360?
357
Calculate the remainder when 5682 is divided by 881.
396
Calculate the remainder when 135760 is divided by 10.
0
Calculate the remainder when 1241433 is divided by 346.
331
What is the remainder when 3079217 is divided by 411?
5
Calculate the remainder when 412904 is divided by 12902.
40
What is the remainder when 13544963 is divided by 1693119?
11
Calculate the remainder when 24610151 is divided by 42.
41
What is the remainder when 3693728 is divided by 1405?
1388
Calculate the remainder when 249975167 is divided by 12285.
12272
Calculate the remainder when 9214230 is divided by 866.
856
What is the remainder when 240429 is divided by 302?
37
What is the remainder when 71023 is divided by 16640?
4463
What is the remainder when 4923107 is divided by 133?
112
Calculate the remainder when 2752148 is divided by 19.
17
Calculate the remainder when 80812 is divided by 80727.
85
Calculate the remainder when 86577 is divided by 226.
19
What is the remainder when 220309 is divided by 11726?
9241
Calculate the remainder when 39058127 is divided by 348.
347
Calculate the remainder when 3209942 is divided by 356655.
47
What is the remainder when 1399504 is divided by 698?
14
Calculate the remainder when 10083371 is divided by 25.
21
What is the remainder when 28204 is divided by 13924?
356
Calculate the remainder when 454120 is divided by 8015.
5280
What is the 